 130 = 0. Is o a composite number?
True
Suppose -4 = 3*l + 2, 0 = 4*u - 5*l - 1622. Is u a prime number?
False
Let l(y) = -y - 10 + 7*y + 5*y. Is l(9) a composite number?
False
Let g(k) = 15*k + 4. Is g(5) a prime number?
True
Let v be (-4)/(-3)*(-6)/4. Is 266*(2 - (-3)/v) a composite number?
True
Let c(y) be the third derivative of -y**6/120 - 7*y**5/60 + y**4/4 + 3*y**3/2 - y**2. Let t be c(-9). Let z = 164 - t. Is z a prime number?
True
Suppose -o + 3 = -2. Suppose 3*r = 2*j - 46, -3*j - o*r + 3 = -85. Is j a prime number?
False
Let b be -1 - (-5)/(5/772). Suppose y + 1 = -0*y, -4*y = 5*j - b. Is j a composite number?
True
Let n be ((-6)/(-8))/((-2)/8). Let h be 1/n - (-3)/9. Let t(s) = s + 67. Is t(h) prime?
True
Let g = -32 - -19. Let i = 3 + g. Let l = i - -24. Is l a composite number?
True
Suppose -83 = -5*k + 17. Suppose -2*r = 3*r - 4*b + k, 15 = -r + 3*b. Suppose r = -4*a + 3*f - 0*f + 391, -5*a + f + 486 = 0. Is a a composite number?
False
Suppose -4*u - 29 = -5*d, 3*u - 24 = 2*u - 5*d. Is 221 - u*(2 + 0) a composite number?
False
Let g(w) = w**2 - 9*w + 9. Let n be g(8). Let o be (n - (2 - -315))/(-1). Suppose -5*t + t + o = 0. Is t a prime number?
True
Let d(t) = t**3 - 2*t**2 + 2*t + 4. Suppose -2*c - 4 = 3*f, -2*f - c = 2*c + 11. Let l be (f - 0) + 1/1. Is d(l) composite?
False
Suppose f + 3496 = 5*k, 3*f = -5*k - 2*f + 3490. Is k a prime number?
False
Let h be (-5)/(-2) + (-1)/(-2). Suppose 0 = 8*b - 3*b + 2*i - 385, 0 = -h*b + 5*i + 231. Is b prime?
False
Let s(f) = 59*f + 17. Is s(4) composite?
True
Let h(z) = -z**3 - 6*z**2 - 3. Let f be h(-6). Let r(w) = w**2 + w - 4. Let i be r(f). Suppose -x = -0*s - i*s - 16, s = x - 11. Is x composite?
True
Suppose 113 = 3*a + 5*s, -6*a + 128 = -3*a + 2*s. Is a composite?
True
Let f = 109 - 72. Is f composite?
False
Suppose 2*h + h - 426 = 0. Let p = h - 66. Suppose -3*y - 50 = -q, p = 5*q + 4*y - 79. Is q composite?
True
Let g be (1/(-2))/(2/16). Let a be (6/g + 1)*-98. Let t = 70 - a. Is t a composite number?
True
Suppose -323 - 167 = -5*m. Let y(i) = -2*i**2 + 3*i + 2. Let d be y(5). Let k = d + m. Is k composite?
True
Suppose 2*d = -2*d + 76. Is d a prime number?
True
Let x = 102 - 19. Let a = 341 + x. Suppose b - 3*b - 3*g = -175, 3*g - a = -5*b. Is b prime?
True
Suppose 62 - 10 = f. Let i(j) = -2 - 1 + 2 - f*j. Is i(-1) a prime number?
False
Suppose -o + 2*y + 106 = y, 0 = 2*o + y - 227. Is o composite?
True
Suppose -10 = -3*g + g. Let h(u) = 5*u - 2 + 5*u + 1. Is h(g) a prime number?
False
Let p = 0 + 3. Let r = 1 + p. Suppose -3 - 81 = -r*g. Is g a composite number?
True
Is (1207/3)/(13/39) composite?
True
Let x = -11 - -15. Let p = x - -35. Let l = p + 4. Is l composite?
False
Let t = 461 + -256. Is t prime?
False
Suppose -5*i = -228 - 227. Is i a composite number?
True
Is (-3)/18 + (-302)/(-12) a composite number?
True
Suppose -918 = -5*v + 1177. Is v composite?
False
Suppose 0 = -7*t + 3*t. Let l be 3 - (-3 - (t - 8)). Is (-2 - 1 - l) + 68 a composite number?
False
Suppose -4*b = -r - 1078, -2*b - 275 = -3*b + 3*r. Is b a composite number?
False
Let o(z) = 15*z**2 - 5*z - 4. Let f be o(-3). Let q = 309 - f. Is q a composite number?
False
Let c = 6 - -24. Let d = c + 5. Is d a prime number?
False
Suppose -653 - 1200 = -3*a + 2*m, -m = -2. Is a composite?
False
Is 130 + 1 + 4 + -8 prime?
True
Let g(k) = 74*k + 7. Let j(q) = 74*q + 7. Let p(z) = -7*g(z) + 6*j(z). Is p(-4) prime?
False
Let z(o) = o**2 + 7*o - 2. Let u be z(-7). Is (u/4)/((-3)/762) a prime number?
True
Let c be 12/(-10)*1*-10. Suppose d - 5*v + 6 = 0, -4*d + d + 5*v = -2. Suppose -40 - c = -d*p. Is p a composite number?
False
Suppose 0 = 4*d - d - 6159. Is d prime?
True
Let r(z) = 291*z**2 - 2*z + 3. Is r(2) a composite number?
False
Suppose 5*c - 4*r + 25 = -40, 3*r - 60 = 5*c. Is (-6)/(-27) - 304/c a prime number?
False
Suppose -a = 5*x + 32, 2*a - 3*x = -0*x - 64. Suppose 2*h - h = -20. Is (a/h)/((-2)/(-5)) a prime number?
False
Let u be (498/4)/((-5)/(-10)). Suppose -376 = 3*l - 6*l - o, -2*l - o + u = 0. Suppose -2*i = -l - 31. Is i a composite number?
False
Let v(u) = 30*u - 3. Let f be (-12)/(-6) + (-8)/(-2). Is v(f) a composite number?
True
Suppose 3*v + 7 = 2*v. Let l = v - -1. Is (-11)/4*24/l a prime number?
True
Suppose y + 61 = 4*o - 168, 0 = 3*o + 4*y - 186. Is o a composite number?
True
Let b(f) = 2*f**3 - 10*f**2 + 12*f - 1. Is b(8) prime?
True
Let f(l) = 254*l + 1. Let v be f(1). Let q = -98 + v. Is q a prime number?
True
Let b(d) = 1. Let y(u) = -39*u + 7. Let j(n) = -2*b(n) + y(n). Is j(-6) prime?
True
Suppose -4*w - 57 = 3*s, 0*s - 92 = 4*w - 4*s. Suppose 0*y + 2*y + 22 = 0. Let t = y - w. Is t a prime number?
True
Let q(d) = -d**3 - 4*d**2 - 4*d - 1. Suppose 0 = -i - 8. Let a be (10/4 - 2)*i. Is q(a) composite?
True
Suppose -5*k = -3*s - 96 + 785, -4*s + 5*k + 922 = 0. Let r = s - 140. Is r composite?
True
Let f(w) = -w**3 + 5*w**2 + w + 5. Let p(c) = c**3 - 4*c**2 + 4. Let m be p(4). Is f(m) prime?
False
Let i = -7 + 10. Suppose 15 = i*s + 2*s. Suppose -s*c = -37 - 2. Is c composite?
False
Let k = 81 + -41. Suppose -x - k = -5*x. Is x composite?
True
Suppose -d + 19 = -3*u, -83 = -4*d + 5*u + 7. Suppose 5*c - 5 - 55 = 0. Let k = d - c. Is k composite?
False
Let y be (6/12)/((-2)/(-696)). Suppose -n + 0*n = t - 178, -3*n = -t + y. Is t a composite number?
True
Let o be (-1)/(-5) + (-6738)/(-10). Suppose 4*q = 2*l - l + 671, 0 = -4*q + 2*l + o. Is q prime?
True
Let t(q) = 2309*q**3 - 2*q + 2. Is t(1) prime?
True
Suppose 2*m + 6 = 0, -s - 2*m + 91 = -0*m. Is s a prime number?
True
Let q be -64 + -1 + 0 + 0. Let c be 56/((-5)/(q/2)). Suppose -j = 3*j - c. Is j composite?
True
Let o = -23 - 0. Is (1 - 1)/2 - o prime?
True
Let q(p) = -p**3 - 6*p**2 - 4*p + 7. Let n be q(-5). Let g(v) = -v**3 - 7*v**2 + 8*v + 1. Let t be g(-8). Let m = t + n. Is m composite?
False
Let o(p) = -85*p + 7. Let r(a) = 43*a - 3. Let s(u) = -2*o(u) - 5*r(u). Let l = 76 - 77. Is s(l) prime?
False
Let a = 987 + -538. Is a composite?
False
Let f be 0 + 1*(13 + -1). Let s be ((-9)/2)/((-9)/f). Is 3/s - 45/(-2) a composite number?
False
Let r(b) = b**3 + 5*b**2 + 3*b - 4. Let v be r(-3). Let w(m) = 10*m**2 - 2. Let c be w(-2). Let t = c - v. Is t a prime number?
False
Suppose 8*g = 3*g + 15. Suppose -j + 18 = 5*a, -a = 2*j - g*j. Suppose -a*w = -6*w + 258. Is w prime?
False
Let n = 4 + 1. Suppose -6*o = -o - 4*r - 391, n*r = 3*o - 232. Is o prime?
True
Suppose -7*m + 4*m = -2061. Is m prime?
False
Let h = 9620 - 3649. Is h a prime number?
False
Let l = 1354 - 947. Is l a composite number?
True
Is -3 + -2228*(-3)/(-12)*-2 composite?
True
Let f(h) = h**3 + 4*h**2 + 8*h + 8. Let l be f(-7). Let t = -40 - l. Is t a composite number?
True
Let j = -75 - -232. Suppose -5*s + 18 = -j. Is s a composite number?
True
Suppose b - 61 - 330 = 0. Is b a prime number?
False
Let r = -16 + 4. Let o = r + 16. Is o a prime number?
False
Let u = 7719 - 4556. Is u a prime number?
True
Suppose 3*o - 6*o + 684 = 0. Suppose o = 3*z + z. Is z composite?
True
Let v(d) = -26*d - 1. Let f be v(-1). Let j = -18 + f. Is j a prime number?
True
Let j = 47 + 0. Is j a prime number?
True
Let v be (-14)/(4/(2*-1)). Let t(d) = d - 6. Let k(q) = -q + 7. Let b(s) = 2*k(s) + 3*t(s). Is b(v) composite?
False
Let l(v) = v**3 + 3*v**2 - 38*v - 13. Is l(10) a composite number?
False
Let d = 2335 + -1146. Is d a composite number?
True
Let w = 6 + -4. Suppose p = -5*n + 26, -19 - w = 4*p - 5*n. Is 2 + 23 - (p - 1) a composite number?
True
Let a = 13 - -61. Is a prime?
False
Let c = 13 + -9. Suppose 3*a + 3 = 0, 2*a = -c*i + 4*a + 14. Suppose 2 = -y - 2, f - i*y = 67. Is f composite?
True
Suppose -f + 5*f = 1348. Let i = 480 - f. Is i composite?
True
Let x(j) = -3*j + j**2 + j**3 - 2*j**2 - 4*j**2 + 1. Let u be 40/7 + (-2)/(-7). Is x(u) a prime number?
True
Suppose -2*t + 258 = -72. Suppose 0 = 5*i - 2*i - t. Is i a prime number?
False
Let s(n) = n**2 + 5*n - 5. Let k be s(-6). Is ((-1)/(-2))/(k/118) prime?
True
Suppose 3*d + 12 = -0*d. Let a(t) = -3*t**3 + 4*t**2 - 3*t - 5. Is a(d) prime?
True
Let l = -97 + 46. Is 4/(((-18)/l)/3) a prime number?
False
Suppose 2*u = -6*q + 3*q + 2922, -4*u + 1948 = 2*q. Suppose -4*c + q = -2*c. Is c a prime number?
True
Let f(z) = 2*z -